o + 4*v + 63955 = 6*v, -5*o = -3*v - 63980. Is o composite?
True
Let o = 529304 - 348891. Is o prime?
True
Suppose 14257 = o - 0*n + n, 0 = 4*n - 20. Suppose 6*t - o = 8674. Is t a prime number?
True
Suppose 32608*b = 32582*b + 101478. Is b prime?
False
Is 740193/1 - (39 - (32 + 11)) composite?
True
Suppose 26 = 9*m - 10. Let y(l) = -l**3 + 5*l**2 - l - 5. Let q be y(m). Is ((-3898)/(-10))/(q/35) a composite number?
False
Let o be (2/6 + -1)/(10/(-30)). Suppose -6*b = -o*b - 628. Is b a prime number?
True
Let u(f) = f**3 + 13*f**2 - f + 1. Let a = -141 + 134. Is u(a) a prime number?
False
Suppose 1018*i = 999*i + 815081. Is i a prime number?
True
Suppose 6*o - 5*j = 168794, -5*j = -42*o + 40*o + 56278. Is o a prime number?
False
Let k(w) = 6*w**2 + 4*w + 23. Suppose -5*i + 70 = -3*o, -i - 3*o - 2 = 2. Is k(i) a prime number?
False
Suppose -4948 = 4*y - 4*x, 3*y - x + 2475 = y. Let t = y + 2169. Let i = 1968 - t. Is i composite?
True
Let h(p) = 436*p - 53. Let x = 215 - 202. Is h(x) prime?
False
Let r(i) = 572*i + 7. Let n = 46 - 69. Let g = -21 - n. Is r(g) a composite number?
False
Suppose 11*v = 7*v + 56. Let c = v - -187. Let g = 610 - c. Is g a composite number?
False
Let a(p) = 2*p**3 - 8*p**2 - 1 + 30*p - 13*p**2 + 4*p**2. Let j = -4192 - -4204. Is a(j) a composite number?
False
Let h(j) = -40*j + 188*j - 16*j + 78*j - 4. Let t be h(1). Suppose -3*q - t = -5*q. Is q composite?
False
Suppose -33*k + 707432 + 1432886 = -616205. Is k a composite number?
True
Let r(k) = -5*k**3 - 2*k**2 + 12. Let y be (-44)/22*94/(-4). Let z = 42 - y. Is r(z) a composite number?
False
Suppose 0 = -4*g - 5*i + 8869 + 967, 7377 = 3*g - 4*i. Is g composite?
False
Let j(m) = 128*m**2 - 28*m + 367. Is j(40) composite?
False
Suppose -5*b + 186*b - 32657597 = -120*b. Is b composite?
False
Is (-398999392)/(-7942) - (-6)/(-38) composite?
True
Suppose 13 = 9*h + 22. Let o(k) = -336*k - 1. Is o(h) prime?
False
Let t(s) = 3*s + 1. Let n be t(1). Suppose -5*k = -3*p + 3, 2*k + n*p - 4 = -2*k. Suppose -4*y - 4*y + 7912 = k. Is y prime?
False
Suppose -1871836 = 2821*o - 2825*o. Is o a composite number?
True
Let u(r) = -203*r**2 - 10*r - 2. Let c be u(-8). Let j = -9127 - c. Is j a composite number?
True
Let o = 45792 + -2218242. Is o/(-882) - 2/21 prime?
False
Let r(d) = -80*d**3 - d**2 - 5*d - 2. Let p be r(-2). Suppose -642*i = -p*i + 218. Is i a prime number?
True
Let u(x) = x**2 - 9*x - 31. Let t be u(12). Suppose -f + 2350 = 4*n + f, -2*n + t*f = -1169. Is n a prime number?
True
Suppose 0 = b - 7 + 13. Let q(j) = -10*j - 55. Let c be q(b). Suppose -u = -c*u + 8516. Is u a prime number?
True
Suppose -4*z + 2 = 2*m, 2*z - 2 = -0. Is 2/(-3)*-708 + m a prime number?
False
Let x = -2626 - -1747. Is -3 - (x - 7 - 6) composite?
True
Let f = -222 - -230. Is (-13)/(-104) + 30487/f a composite number?
True
Let u = 47773 + -17436. Is u a prime number?
False
Suppose 0 = -11*t + 13*t + 4. Let v be (-6)/t - 3 - -2. Suppose 6*l - 4*s = v*l + 1884, 5*s - 2375 = -5*l. Is l a composite number?
True
Suppose 5560*s = 5598*s - 4923166. Is s prime?
False
Let b = 159 - 163. Is 1077 + (11 - (-12)/b)/(-2) composite?
True
Let q be 84/22 - (-2)/11. Let a(p) = q + 1834*p - 560*p - 5. Is a(1) prime?
False
Suppose 25*q - 56 = 69. Suppose -5*u = 2*p - 5000, 0 = q*p - 10*p + 4*u + 12467. Is p a composite number?
True
Suppose -3*r = -5*c + 65, -5*r = 2*c - r. Is 6/10 - (-139624)/c a prime number?
True
Let n = -336 - -339. Suppose -2*c + 12*o - 7*o = -3884, n*o + 7754 = 4*c. Is c a prime number?
False
Let v(l) = -39408*l - 503. Is v(-6) prime?
False
Let y(w) = 2695*w**2 + 353*w - 8795. Is y(24) prime?
True
Let k be (6 + -2 - 1)*4. Suppose -2242 = k*l - 14*l. Is l a composite number?
True
Suppose 0 = -3*u + 12, -4*t + 2*u - 4*u - 19784 = 0. Let a = -2091 - t. Is a prime?
True
Let b = -18940 + 37419. Is b composite?
True
Suppose -6*o + 5*x + 583 = -2*o, 3*o + x = 442. Is 39363/7 - 42/o a prime number?
True
Let a(c) be the first derivative of 19*c**4/4 - 10*c**3/3 + c**2/2 - 17*c - 17. Is a(7) composite?
True
Let u = 157959 - -13847. Is u composite?
True
Let i = -8449 - -23802. Is i a composite number?
True
Let s(j) = -240*j**3 + 2*j**2 + 5*j - 9. Let t be s(5). Is ((-3)/(-9))/(3/t*-2) composite?
False
Suppose 13*u - 8*u - 384153 = -y, -u - 384141 = -y. Is y a composite number?
False
Let j(r) = r**3 - 31*r**2 - 49*r - 6. Let s be j(34). Let n = s + 521. Is n a prime number?
False
Let i(a) = a**3 + 9*a**2 - 8*a - 26. Let g = -220 + 228. Is i(g) a prime number?
False
Is (-3)/(-1) + 11 + -10 - -129435 a composite number?
False
Let v be 27953 - (4 - -1)*(-6)/(-6). Suppose 0 = 33*y + v - 120975. Is y a prime number?
True
Suppose 3*f + 4 = -5, -5*f - 57996 = -i. Suppose 113*j - i = 80*j. Is j composite?
True
Let a(o) = -o**3 + 26*o**2 + 15*o + 45. Let w be a(20). Suppose 8*s - 1679 - w = 0. Is s a prime number?
False
Suppose 253*t - 12377722 = 9868821. Is t a prime number?
True
Let o(w) = 2369 + 0*w + 76*w**2 - 18*w - 2388. Is o(-9) composite?
False
Let n(s) = s**2 - 4*s. Let d be n(0). Suppose 5*c - 11513 - 28302 = d. Is c a prime number?
True
Let t = -3153 + 22982. Is t composite?
True
Is (-132523275)/(-675) - 7/(63/(-2)) a composite number?
False
Let i = 1530527 - 1083814. Is i a composite number?
False
Is -2 + (-57)/(-24) - 9312126120/(-5184) a prime number?
True
Let u = -524477 - -738016. Is u a prime number?
True
Let a(q) = -38 + 509*q + 328*q - 48*q + 426*q. Is a(3) a prime number?
True
Suppose 174*q - 176*q + 46320 = 0. Suppose -26649 - q = -3*w. Is w composite?
False
Suppose 3*j - 4*p = -12574, 25*j - 26*j = p + 4203. Let n = -39 - j. Is n a prime number?
True
Let j(g) = 2*g**3 - 31*g**2 - 68*g + 3304. Is j(39) composite?
False
Let r be (-6 - -4) + 368*-1. Let a be (-8)/76 + 7330/(-38). Let n = a - r. Is n prime?
False
Suppose 0 = 4*q - 2*i - 16, 3*q - 2*i = 6 + 5. Is (q - (4123 - 7))*-1 a prime number?
True
Let s = -61397 + 107340. Is s a composite number?
False
Is (3/(-18) - (-153776360)/(-240))/(-5) composite?
False
Let l(y) = 11 - 1025*y + 791*y + 29. Is l(-11) prime?
False
Suppose 0 = -7*m + 4*m - 333. Let i = 116 + m. Suppose 2*c + 445 = o - 0*o, 1335 = 3*o - i*c. Is o a prime number?
False
Let x = 219099 + -120560. Suppose -58*f = -51*f - x. Is f a prime number?
False
Let z be 868284/(-162) - (-2)/(-9). Let h = 4937 - z. Is h a prime number?
False
Suppose 19*d = 96*d - 854525 - 2404346. Is d a composite number?
False
Suppose 4*s = y - 8, 3*y + 6*s + 6 = 3*s. Suppose y = -6*r + r - 5*m + 55, 5*r - 67 = -m. Is 2876/r + 48/(-112) composite?
True
Suppose -2*h - 17 = -5*p - 49, -p = 3*h - 48. Suppose -20*r + h*r = -22948. Is r a composite number?
False
Let s(u) = -1671*u - 4585. Is s(-72) composite?
False
Let o be 79725/27 - 4/(-18). Let v = -1296 + o. Is v a prime number?
True
Let z be (-46)/16*-2 + (-25)/(-20). Let w = 4590 - z. Is w a composite number?
False
Let w be 26/(-65) + 0 + (-12074)/(-10). Is 3 + -11 + w - -1*2 prime?
True
Suppose 4*m + 10259 = z, -11*m + 13*m = 2*z - 20518. Is z prime?
True
Let b be 16/(-88) + 378/(-99). Let i(z) be the first derivative of -55*z**2/2 - 5*z - 4. Is i(b) prime?
False
Let f = 65 - 71. Let n(i) = 10*i + 62. Let u be n(f). Suppose -3*k = 5*y - 3*y - 8897, -u*k + 5929 = -y. Is k a prime number?
False
Is (-21)/(420/40)*70271/(-2) a composite number?
False
Let u = 163864 + 289089. Is u a prime number?
True
Let v be ((-5)/(-15))/((-2)/(-36)). Suppose 35544 = 30*p - v*p. Is p composite?
False
Suppose -17*o - 738565 = -102*o. Is o a composite number?
False
Suppose -p = -r - 128, -3*r - 71 = 4*p - 576. Let f = p + -123. Suppose f*j - 459 = -5*g, -4*j - g + 453 = 2*g. Is j prime?
False
Let p = -49568 - -116907. Is p a composite number?
False
Suppose 2*h - 3*b + 6*b = 176668, -441687 = -5*h + b. Is h composite?
False
Let l = -17 - -4. Let c be (-15 - l)/(1 + 0). Is 4 + (-8)/c + -2 composite?
True
Let s be -6 + (5 - 54/(-6)). Is (4868/s)/((-49)/(-14) + -3) prime?
True
Suppose 381*d - 10 = 380*d. Suppose d*o - 82495 = 10395. Is o a composite number?
True
Suppose 9*b + 13128 - 74499 = 0. Suppose -b - 3299 = -3*r + i, 4*r - 5*i = 13509. Is r a composite number?
False
Suppose -7*i = -10*i + 14*l + 458677, 4*l = -i + 152927. Is i composite?
True
Let h = 62631 + -37070.